et d be 4 - (3 + -2*j). Calculate the greatest common divisor of d and 70.
7
Let q = 686 + 184. Suppose -4*w = -2*s - q, 3*w - 840 = -w - 4*s. Calculate the highest common divisor of w and 43.
43
Let x = 1356 + -1281. Calculate the greatest common divisor of x and 325.
25
Let w = -66 + 161. Let r = w + 121. Calculate the greatest common factor of r and 27.
27
Let z(i) = i + 4. Let d be z(2). Suppose -3*m = d, j + m = 10 + 14. What is the highest common factor of 130 and j?
26
Let g = 1964 + -1836. What is the highest common factor of 56 and g?
8
Let s(u) = -3*u - 69. Let v be s(-29). Let r = v + -16. Let a = 18 + -8. What is the greatest common factor of a and r?
2
Suppose -6*p + 9*p = c - 91, 0 = -4*c - 5*p + 364. Calculate the highest common divisor of c and 13.
13
Suppose -7*w + 5 = -6*w. Suppose -3*h - 4*p + 8 = -2*h, 4*h = -2*p + 74. What is the greatest common factor of h and w?
5
Let h = 1638 + -798. Calculate the greatest common factor of h and 56.
56
Let a = -185 - -712. What is the highest common factor of 68 and a?
17
Suppose 0 = -4*o + 321 - 197. What is the greatest common factor of 217 and o?
31
Let i be 2/(-11) - (-1755)/33. Let m be 9/54 - i/(-6). Let h be (-12)/30 - 362/(-5). What is the greatest common divisor of h and m?
9
Suppose -3*b - y = -3113, -3*b + 6*y - 8*y = -3112. What is the highest common factor of b and 6?
6
Let j be 213/27 + 1/9. Let l = 7 + j. Calculate the greatest common divisor of 60 and l.
15
Let k be (-8)/(48/(-9)) - (-11)/2. Let x be 14*2 + 0/(k - 5). What is the highest common divisor of 4 and x?
4
Let x be 40/(-32) - 42/(-8). Calculate the highest common factor of 68 and x.
4
Let q(f) = -f**2 - f. Let c(a) = -a**3 + 3*a**2 + 32. Let b(s) = c(s) + 3*q(s). Let k be b(0). Calculate the greatest common factor of 128 and k.
32
Suppose 3*j = 8*j - 480. Let c be ((21/(-9))/7)/((-2)/j). Calculate the highest common divisor of c and 24.
8
Let i be (36/10)/(82/12505). Calculate the greatest common divisor of 9 and i.
9
Let q = -96 - -114. What is the greatest common divisor of q and 42?
6
Let g(m) = m**3 - 8*m**2 + 17*m + 7. Let k be g(5). What is the greatest common divisor of 323 and k?
17
Let b be (-6 - -9)/(-6)*0/2. Suppose 3*v + 3*d - 4*d - 122 = 0, -4*v - 2*d + 156 = b. What is the highest common factor of 16 and v?
8
Let v be ((-2 - -5) + 0)*(-4)/6. Let g be v/7 - -3*(-86)/(-21). Suppose -2*m = -k + 2*m + 4, -3*k - 3*m = -12. Calculate the greatest common factor of k and g.
4
Let w = 1 + 9. Suppose -5*a = -a - 20. Suppose 0 = -a*r - r + 90. Calculate the greatest common divisor of w and r.
5
Let m(z) = -z**2 + 5*z - 3. Let w be m(3). Suppose 4*n - 16 = w*u - 5*u, n = u - 2. What is the highest common divisor of u and 4?
4
Let z = -2 - -6. Suppose -11 = -f + z. Let m = 28 - f. Calculate the highest common divisor of m and 52.
13
Suppose 5*f - 4*s = 124, -119 = -6*f + f - s. Calculate the highest common factor of 108 and f.
12
Suppose -2*o + 26 = -36. Let f be (112/(-480) + 1/(-10))*-93. What is the highest common factor of o and f?
31
Let x(l) = -l**2 + 13*l - 7. Let k be x(12). Suppose 0 = -k*c + 206 - 1. Let f = 73 - c. Calculate the greatest common divisor of f and 8.
8
Let k be ((-5)/(-2))/((-5930)/(-840) + -7). Calculate the highest common divisor of k and 96.
6
Let s be 14/3*((-200)/(-28) - 2). Let j be (64/20)/(4/30). Calculate the greatest common factor of j and s.
24
Let u(q) = q**3 - 15*q**2. Let v be u(15). Suppose 3*p + 0*p = 3*i + 30, v = -5*p - i + 50. Calculate the greatest common divisor of p and 90.
10
Let p = -304 + 458. What is the highest common factor of p and 44?
22
Let j(d) = -d + 108. Let w be j(0). Let n(m) = -m**2 + 0 + 12*m**3 + 2*m + 0*m**2 - 1 + 0*m**2. Let v be n(1). What is the greatest common factor of w and v?
12
Let s(j) = -j**3 - 6*j**2 + 44*j - 17. Let z be s(-11). Calculate the highest common factor of 1300 and z.
52
Let l be (-21 + -4)*12/(-30). What is the greatest common factor of l and 3?
1
Let x = 523 + -337. What is the highest common divisor of 62 and x?
62
Let a = 205 + -159. Calculate the greatest common divisor of 69 and a.
23
Suppose -6*d + 4*l + 104 = 0, 9*l - 43 = -2*d + 12*l. What is the highest common divisor of 497 and d?
7
Let g be ((-1)/3)/((-3)/225). Let q = 1610 + -1410. Calculate the highest common divisor of g and q.
25
Suppose -4 = -9*r - 4. Suppose -5*m = -2*n - 7*m + 10, -4*n - 3*m + 21 = r. Calculate the highest common divisor of 54 and n.
6
Let l = 6385 + -6311. Let p = -81 + 192. What is the greatest common divisor of p and l?
37
Let u(s) = -s**2 - 2*s + 9. Let l be u(0). Calculate the greatest common divisor of 36 and l.
9
Suppose 4*a - 25 = -1. Suppose -a*p + 2*p = -12. Suppose -5*k + 296 = 2*s, -p*k + 78 + 106 = -2*s. What is the highest common divisor of k and 24?
12
Suppose 1084 = 3*d + 34. Calculate the highest common factor of d and 90.
10
Let z(g) = -7*g + 4*g - 5 + 1 + 2*g**2. Let b be z(4). Let h(x) = 2*x**3 - 3*x**2 - 8*x + 9. Let k be h(5). Calculate the highest common divisor of b and k.
16
Suppose 4*t - 27*u = -22*u + 12, 3*t - 44 = -5*u. Calculate the highest common divisor of t and 32.
8
Let n be 73 + -10 + -1*3. Calculate the highest common factor of 15 and n.
15
Let f be 5/((-5)/(-6) - 0). Suppose s + 360 = f*s. What is the highest common factor of s and 8?
8
Let s = -9 + 3. Let u be (12/(-18))/(s/(-9)). Let o be (1/2)/(u/(-12)). Calculate the highest common factor of o and 9.
3
Let n(d) = 5*d - 94. Let s be n(27). Suppose -3*z + 60 = 3*a, 3*a - s = -2*z + 3. What is the highest common factor of z and 16?
16
Suppose 1637 + 463 = 15*d. Let q(z) = z**3 - 5*z**2 + 3*z + 5. Let f be q(5). Calculate the highest common divisor of d and f.
20
Suppose -9*i + 240 = -4*i. Calculate the highest common factor of 56 and i.
8
Suppose 4*l = 64 - 0. Suppose -8*m = 5*n - 3*m - 60, -16 = -2*n + 2*m. Let k be 1118/10 - (-2)/n. Calculate the greatest common factor of l and k.
16
Let k = 240 - 218. What is the highest common factor of 2 and k?
2
Let t be 330/825 + 56/10. Calculate the greatest common divisor of 12 and t.
6
Suppose 19*i - 2832 = 360. What is the highest common divisor of 560 and i?
56
Suppose 5*l - 64 = 416. Calculate the greatest common factor of 12 and l.
12
Let n = -247 + 351. Suppose k = a - 47, -2*a + n = -5*k + k. Calculate the highest common factor of 28 and a.
14
Suppose -2*i + 24 = -14. Suppose -4*y - 310 = -3*o, o - y + i = 124. Calculate the highest common factor of o and 10.
10
Let v = 18 + -16. Let q be 6/(v*(-3 - -4)). Calculate the highest common factor of 9 and q.
3
Let x(j) = 13*j + 32. Let d be x(-2). What is the highest common divisor of d and 16?
2
Let w be (2 + -1)*(-19 + 11). Let d be (2 + 13)/(12/w). Let i = -7 - d. What is the greatest common divisor of i and 3?
3
Suppose 19*u - 21*u = -w + 268, -3*w + 784 = 4*u. Calculate the greatest common factor of 24 and w.
24
Let q = 250 - 202. Calculate the greatest common divisor of 112 and q.
16
Let c(i) = i**2 + 9*i - 58. Let l be c(-18). What is the greatest common factor of 572 and l?
52
Let d = 91 + 14. Let u = 23 + 12. What is the highest common factor of u and d?
35
Let a be (6/(-5))/(4/(-50)). Suppose a = 5*v, 236 + 91 = 3*q - 3*v. Let y be (-1)/(-1)*-1*-16. Calculate the highest common factor of y and q.
16
Let k = -19 + 73. Let i be (33*40/770)/(2/14*2). What is the highest common divisor of k and i?
6
Suppose -4*o + 9*o = 100. Suppose 3*t + 60 = 4*t. Calculate the highest common divisor of t and o.
20
Let c(y) = 8*y + 4. Let l be c(4). Let t = 47 + -32. Let m be (-123 + 3)/2*(-6)/t. What is the greatest common factor of m and l?
12
Let b(i) = i - 6. Let x be b(10). Suppose -5*p - d = d - 13, 12 = -4*p + x*d. Let z = 10 - 3. Calculate the greatest common factor of z and p.
1
Suppose -151 = -i - 5*f, 3*f + 348 + 323 = 5*i. Calculate the greatest common factor of 85 and i.
17
Let f be (-1792)/24*(-240)/56. What is the greatest common divisor of 60 and f?
20
Suppose 0*o = -2*q - o + 91, -q + 2*o + 38 = 0. Let n = q - 33. Calculate the greatest common factor of 55 and n.
11
Suppose 256 = 2*r + 210. Calculate the greatest common factor of 161 and r.
23
Let v = -121 + 747. Let s = -329 + v. Calculate the highest common divisor of s and 27.
27
Suppose -10*r